{"id":3365,"date":"2018-03-24T14:48:59","date_gmt":"2018-03-24T12:48:59","guid":{"rendered":"http:\/\/www.freibad-stadtoldendorf.de\/wordpress\/?page_id=3365"},"modified":"2025-07-08T10:02:23","modified_gmt":"2025-07-08T09:02:23","slug":"investitionen","status":"publish","type":"page","link":"https:\/\/freibad-stadtoldendorf.de\/wordpress\/investitionen\/","title":{"rendered":"Investitionen"},"content":{"rendered":"<div id=\"pl-3365\"  class=\"panel-layout\"><div id=\"pg-3365-0\"  class=\"panel-grid panel-no-style\"><div id=\"pgc-3365-0-0\"  class=\"panel-grid-cell\"><div id=\"panel-3365-0-0-0\" class=\"so-panel widget widget_black-studio-tinymce widget_black_studio_tinymce panel-first-child\" data-index=\"0\"><h3 class=\"widget-title\">Sitzgelegenheit mit Dach (DaSi)<\/h3><div class=\"textwidget\"><p><a href=\"https:\/\/freibad-stadtoldendorf.de\/wordpress\/wp-content\/uploads\/20250707_120439-web.jpg\" target=\"_blank\" rel=\"noopener\"><img loading=\"lazy\" decoding=\"async\" class=\"alignleft wp-image-7903 size-thumbnail\" src=\"https:\/\/freibad-stadtoldendorf.de\/wordpress\/wp-content\/uploads\/20250707_120439-web-150x150.jpg\" alt=\"\" width=\"150\" height=\"150\" srcset=\"https:\/\/freibad-stadtoldendorf.de\/wordpress\/wp-content\/uploads\/20250707_120439-web-150x150.jpg 150w, https:\/\/freibad-stadtoldendorf.de\/wordpress\/wp-content\/uploads\/20250707_120439-web-50x50.jpg 50w\" sizes=\"auto, (max-width: 150px) 100vw, 150px\" \/><\/a>Der neue \"DaSi\" - Angeschafft mit Mitteln der Volksbank und einer gro\u00dfz\u00fcgigen Spende der Firma Keitel - wurde nun offiziell an den F\u00f6rderverein \u00fcbergeben. Diese neue Sitzgelegenheit, die gleichzeitig vor der Sonne sch\u00fctzt, wurde von den Badbesuchern sehr gut angenommen und steht in direkter Linie zu den Zielen des F\u00f6rdervereins, n\u00e4mlich der Steigerung der Attraktivit\u00e4t des Bades. In der Vereinssatzung ist unter festgelegt:<\/p>\n<p>Zweck des Vereins ist die F\u00f6rderung und Attraktivit\u00e4tssteigerung sowie der Erhalt des Freibades Stadtoldendorf.<\/p>\n<p>Danke an die Spender im Namen aller Badbenutzer!<\/p>\n<\/div><\/div><div id=\"panel-3365-0-0-1\" class=\"so-panel widget widget_black-studio-tinymce widget_black_studio_tinymce\" data-index=\"1\"><h3 class=\"widget-title\">Photovoltaikanlage ist in Betrieb<\/h3><div class=\"textwidget\"><p><a href=\"https:\/\/freibad-stadtoldendorf.de\/wordpress\/wp-content\/uploads\/PV-1.jpg\" target=\"_blank\" rel=\"noopener\"><img loading=\"lazy\" decoding=\"async\" class=\"alignleft wp-image-6513 size-thumbnail\" src=\"https:\/\/freibad-stadtoldendorf.de\/wordpress\/wp-content\/uploads\/PV-1-150x150.jpg\" alt=\"\" width=\"150\" height=\"150\" srcset=\"https:\/\/freibad-stadtoldendorf.de\/wordpress\/wp-content\/uploads\/PV-1-150x150.jpg 150w, https:\/\/freibad-stadtoldendorf.de\/wordpress\/wp-content\/uploads\/PV-1-50x50.jpg 50w\" sizes=\"auto, (max-width: 150px) 100vw, 150px\" \/><\/a>Der F\u00f6rderverein Freibad Stadtoldendorf hat es sich zur Aufgabe gemacht, neben einer Steigerung der Attraktivit\u00e4t des Bades auch und vor allem einen wirtschaftlichen Beitrag zu leisten, um den Bestand des Bades langfristig zu sichern. Bei der Gr\u00fcndung des F\u00f6rdervereins vor nunmehr 10 Jahren war die Haushaltslage der Samtgemeinde, Tr\u00e4gerin des Bades, extrem angespannt und hat sich durch vielf\u00e4ltige unvermeidbare Ausgaben nicht verbessert. Nun wurde durch den F\u00f6rderverein eine Photovoltaikanlage angeschafft, die den hohen Strombedarf der Umw\u00e4lzpumpen zumindest teilweise ausgleichen wird. Dar\u00fcberhinaus wird in der Ruhezeit des Freibades - also im Winter - Strom ins \u00f6ffentliche Netz eingespeist. Die Einspeiseverg\u00fcgung kommt direkt und vollst\u00e4ndig der Samtgemeinde zugute. Die nicht unerhebliche 5stellige Investitionssumme <a href=\"https:\/\/freibad-stadtoldendorf.de\/wordpress\/wp-content\/uploads\/PV-2.jpg\" target=\"_blank\" rel=\"noopener\"><img loading=\"lazy\" decoding=\"async\" class=\"alignright wp-image-6514 size-thumbnail\" src=\"https:\/\/freibad-stadtoldendorf.de\/wordpress\/wp-content\/uploads\/PV-2-150x150.jpg\" alt=\"\" width=\"150\" height=\"150\" srcset=\"https:\/\/freibad-stadtoldendorf.de\/wordpress\/wp-content\/uploads\/PV-2-150x150.jpg 150w, https:\/\/freibad-stadtoldendorf.de\/wordpress\/wp-content\/uploads\/PV-2-50x50.jpg 50w\" sizes=\"auto, (max-width: 150px) 100vw, 150px\" \/><\/a>wurde zu mehr als einem Drittel aus den Mitteln des F\u00f6rdervereins direkt bezahlt, f\u00fcr den Rest hat der Verein einen Kredit aufgenommen. Das war nur m\u00f6glich, weil der F\u00f6rderverein viele treue Mitglieder hat und von den heimischen Banken und den hier ans\u00e4ssigen Betrieben gro\u00dfz\u00fcgig unterst\u00fctzt wird! Danke an diese Stelle an alle Sponsoren des Vereins. Und nat\u00fcrlich geht unser Dank auch an die Mitglieder, die den F\u00f6rderverein nicht nur durch Ihren Mitgliedsbeitrag sondern in vielf\u00e4ltiger Weise Unterst\u00fctzen und ihm treu zur Seite stehen!<\/p>\n<\/div><\/div><div id=\"panel-3365-0-0-2\" class=\"so-panel widget widget_black-studio-tinymce widget_black_studio_tinymce\" data-index=\"2\"><h3 class=\"widget-title\">Projekt abgeschlossen!<\/h3><div class=\"textwidget\"><p><a href=\"https:\/\/freibad-stadtoldendorf.de\/wordpress\/wp-content\/uploads\/RNO_4654-2.jpg\" target=\"_blank\" rel=\"noopener\"><img loading=\"lazy\" decoding=\"async\" class=\"alignleft wp-image-5984 size-thumbnail\" src=\"https:\/\/freibad-stadtoldendorf.de\/wordpress\/wp-content\/uploads\/RNO_4654-2-150x150.jpg\" alt=\"\" width=\"150\" height=\"150\" srcset=\"https:\/\/freibad-stadtoldendorf.de\/wordpress\/wp-content\/uploads\/RNO_4654-2-150x150.jpg 150w, https:\/\/freibad-stadtoldendorf.de\/wordpress\/wp-content\/uploads\/RNO_4654-2-50x50.jpg 50w\" sizes=\"auto, (max-width: 150px) 100vw, 150px\" \/><\/a>Das erste Projekt des F\u00f6rdervereins - die Beckenabdeckungen, der gesch\u00fctzte Zugang zum Schwimmerbecken und die Winschutzwand - ein gemeinsames Projekt von F\u00f6rderverein und F\u00f6rderkreis Sportst\u00e4tten - <a href=\"https:\/\/freibad-stadtoldendorf.de\/wordpress\/wp-content\/uploads\/RNO_4649.jpg\" target=\"_blank\" rel=\"noopener\"><img loading=\"lazy\" decoding=\"async\" class=\"alignright wp-image-5981 size-thumbnail\" src=\"https:\/\/freibad-stadtoldendorf.de\/wordpress\/wp-content\/uploads\/RNO_4649-150x150.jpg\" alt=\"\" width=\"150\" height=\"150\" srcset=\"https:\/\/freibad-stadtoldendorf.de\/wordpress\/wp-content\/uploads\/RNO_4649-150x150.jpg 150w, https:\/\/freibad-stadtoldendorf.de\/wordpress\/wp-content\/uploads\/RNO_4649-50x50.jpg 50w\" sizes=\"auto, (max-width: 150px) 100vw, 150px\" \/><\/a>konnte am 12. Mai 2022 vorfristig der Samtgemeinde als Tr\u00e4gerin des Bades \u00fcbergeben werden. Dies fand im Rahmen einer kleinen Feierstunde im Freibad statt. Wolfgang Anders als Samtgemeindeb\u00fcrgermeister dankte den Vereinen f\u00fcr die gro\u00dfartige Unterst\u00fctzung, die sehr zum Erhalt des Bades beigetragen hat. H.-J. G\u00f6ricke erinnerte in seiner Rede daran, in welch kurzer Zeit das Projekt realisiert worden ist. Renate Nott aus Vorsitzende des F\u00f6rdervereins dankte insbesondere dem Hauptsponsor, der Volksbank in Stadtoldendorf, f\u00fcr die Unterst\u00fctzung. <a href=\"https:\/\/freibad-stadtoldendorf.de\/wordpress\/investitionen\/\" target=\"_blank\" rel=\"noopener\">Hier eine kleine Foto-R\u00fcckblende<\/a>.<\/p>\n<p><a href=\"https:\/\/freibad-stadtoldendorf.de\/wordpress\/wp-content\/uploads\/RNO_4661-1.jpg\" target=\"_blank\" rel=\"noopener\"><img loading=\"lazy\" decoding=\"async\" class=\"alignright wp-image-5980 size-full\" src=\"https:\/\/freibad-stadtoldendorf.de\/wordpress\/wp-content\/uploads\/RNO_4661-1.jpg\" alt=\"\" width=\"1024\" height=\"682\" srcset=\"https:\/\/freibad-stadtoldendorf.de\/wordpress\/wp-content\/uploads\/RNO_4661-1.jpg 1024w, https:\/\/freibad-stadtoldendorf.de\/wordpress\/wp-content\/uploads\/RNO_4661-1-300x200.jpg 300w, https:\/\/freibad-stadtoldendorf.de\/wordpress\/wp-content\/uploads\/RNO_4661-1-768x512.jpg 768w\" sizes=\"auto, (max-width: 1024px) 100vw, 1024px\" \/><\/a><\/p>\n<\/div><\/div><div id=\"panel-3365-0-0-3\" class=\"so-panel widget widget_black-studio-tinymce widget_black_studio_tinymce\" data-index=\"3\"><h3 class=\"widget-title\">Das haben wir gemeinsam geschafft!<\/h3><div class=\"textwidget\"><p>R\u00fcckblick auf unser Projekt \"Beckenabdeckung, \u00dcbergang zum Schwimmerbecken und Winschutzwand\". Projektsumme: 170.000 \u20ac. Zeit von der Idee bis zur Fertigstellung: ca. 18 Monate. Hier eine kleine Foto-R\u00fcckblende...<\/p>\n<p><div id=\"twoj_slideshow_69e3748c6616d\" class=\"twoj_slideshow\" data-auto=\"false\"  data-width=\"100%\" data-height=\"0\"  data-minwidth=\"300\" data-minheight=\"0\"  data-maxwidth=\"100%\" data-maxheight=\"0\"  data-ratio=\"800\/600\"  data-nav=\"dots\" data-allowfullscreen=\"true\"  data-arrows=\"true\"  data-keyboard=\"true\"  data-transition=\"slide\"  data-transitionduration=\"300\"  data-loop=\"1\"  data-autoplay=\"5000\"  data-stopautoplayontouch=\"true\"  data-fit=\"contain\"  data-margin=\"2\"  data-thumbmargin=\"2\"  data-thumbborderwidth=\"0\"  data-thumbwidth=\"120\"   data-thumbheight=\"60\"><a  href=\"https:\/\/freibad-stadtoldendorf.de\/wordpress\/wp-content\/uploads\/IMAG0377.jpg\"><img loading=\"lazy\" decoding=\"async\" src=\"https:\/\/freibad-stadtoldendorf.de\/wordpress\/wp-content\/uploads\/IMAG0377-300x169.jpg\"  alt=\"IMAG0377\" width=\"300\" height=\"169\"\/><\/a><a  href=\"https:\/\/freibad-stadtoldendorf.de\/wordpress\/wp-content\/uploads\/IMAG0390-1.jpg\"><img loading=\"lazy\" decoding=\"async\" src=\"https:\/\/freibad-stadtoldendorf.de\/wordpress\/wp-content\/uploads\/IMAG0390-1-169x300.jpg\"  alt=\"IMAG0390-1\" width=\"169\" height=\"300\"\/><\/a><a  href=\"https:\/\/freibad-stadtoldendorf.de\/wordpress\/wp-content\/uploads\/IMAG0374-1.jpg\"><img loading=\"lazy\" decoding=\"async\" src=\"https:\/\/freibad-stadtoldendorf.de\/wordpress\/wp-content\/uploads\/IMAG0374-1-300x200.jpg\"  alt=\"IMAG0374-1\" width=\"300\" height=\"200\"\/><\/a><a  href=\"https:\/\/freibad-stadtoldendorf.de\/wordpress\/wp-content\/uploads\/IMAG0393-2.jpg\"><img loading=\"lazy\" decoding=\"async\" src=\"https:\/\/freibad-stadtoldendorf.de\/wordpress\/wp-content\/uploads\/IMAG0393-2-300x200.jpg\"  alt=\"IMAG0393-2\" width=\"300\" height=\"200\"\/><\/a><a  href=\"https:\/\/freibad-stadtoldendorf.de\/wordpress\/wp-content\/uploads\/schienen_PAM.jpg\"><img loading=\"lazy\" decoding=\"async\" src=\"https:\/\/freibad-stadtoldendorf.de\/wordpress\/wp-content\/uploads\/schienen_PAM-300x225.jpg\"  alt=\"schienen_PAM\" width=\"300\" height=\"225\"\/><\/a><a  href=\"https:\/\/freibad-stadtoldendorf.de\/wordpress\/wp-content\/uploads\/IMG_9010-1.jpg\"><img loading=\"lazy\" decoding=\"async\" src=\"https:\/\/freibad-stadtoldendorf.de\/wordpress\/wp-content\/uploads\/IMG_9010-1-300x225.jpg\"  alt=\"Am 16. Mai 2014 werden die Beckenabdeckungen eingeweiht.\" width=\"300\" height=\"225\"\/><\/a><a  href=\"https:\/\/freibad-stadtoldendorf.de\/wordpress\/wp-content\/uploads\/IMG_0282.jpg\"><img loading=\"lazy\" decoding=\"async\" src=\"https:\/\/freibad-stadtoldendorf.de\/wordpress\/wp-content\/uploads\/IMG_0282-300x225.jpg\"  alt=\"IMG_0282\" width=\"300\" height=\"225\"\/><\/a><a  href=\"https:\/\/freibad-stadtoldendorf.de\/wordpress\/wp-content\/uploads\/RNO_2664-2.jpg\"><img loading=\"lazy\" decoding=\"async\" src=\"https:\/\/freibad-stadtoldendorf.de\/wordpress\/wp-content\/uploads\/RNO_2664-2-200x300.jpg\"  alt=\"RNO_2664-2\" width=\"200\" height=\"300\"\/><\/a><a  href=\"https:\/\/freibad-stadtoldendorf.de\/wordpress\/wp-content\/uploads\/IMG_4508.jpg\"><img loading=\"lazy\" decoding=\"async\" src=\"https:\/\/freibad-stadtoldendorf.de\/wordpress\/wp-content\/uploads\/IMG_4508-300x225.jpg\"  alt=\"IMG_4508\" width=\"300\" height=\"225\"\/><\/a><a  href=\"https:\/\/freibad-stadtoldendorf.de\/wordpress\/wp-content\/uploads\/IMG_4504.jpg\"><img loading=\"lazy\" decoding=\"async\" src=\"https:\/\/freibad-stadtoldendorf.de\/wordpress\/wp-content\/uploads\/IMG_4504-300x225.jpg\"  alt=\"IMG_4504\" width=\"300\" height=\"225\"\/><\/a><a  href=\"https:\/\/freibad-stadtoldendorf.de\/wordpress\/wp-content\/uploads\/RNO_2761.jpg\"><img loading=\"lazy\" decoding=\"async\" src=\"https:\/\/freibad-stadtoldendorf.de\/wordpress\/wp-content\/uploads\/RNO_2761-300x200.jpg\"  alt=\"RNO_2761\" width=\"300\" height=\"200\"\/><\/a><a  href=\"https:\/\/freibad-stadtoldendorf.de\/wordpress\/wp-content\/uploads\/RNO_2757-1.jpg\"><img loading=\"lazy\" decoding=\"async\" src=\"https:\/\/freibad-stadtoldendorf.de\/wordpress\/wp-content\/uploads\/RNO_2757-1-300x200.jpg\"  alt=\"RNO_2757-1\" width=\"300\" height=\"200\"\/><\/a><a  href=\"https:\/\/freibad-stadtoldendorf.de\/wordpress\/wp-content\/uploads\/RNO_2755-1.jpg\"><img loading=\"lazy\" decoding=\"async\" src=\"https:\/\/freibad-stadtoldendorf.de\/wordpress\/wp-content\/uploads\/RNO_2755-1-300x200.jpg\"  alt=\"RNO_2755-1\" width=\"300\" height=\"200\"\/><\/a><a  href=\"https:\/\/freibad-stadtoldendorf.de\/wordpress\/wp-content\/uploads\/RNO_3126-2.1.jpg\"><img loading=\"lazy\" decoding=\"async\" src=\"https:\/\/freibad-stadtoldendorf.de\/wordpress\/wp-content\/uploads\/RNO_3126-2.1-200x300.jpg\"  alt=\"RNO_3126-2.1\" width=\"200\" height=\"300\"\/><\/a><a  href=\"https:\/\/freibad-stadtoldendorf.de\/wordpress\/wp-content\/uploads\/IMG_4643.jpg\"><img loading=\"lazy\" decoding=\"async\" src=\"https:\/\/freibad-stadtoldendorf.de\/wordpress\/wp-content\/uploads\/IMG_4643-300x225.jpg\"  alt=\"IMG_4643\" width=\"300\" height=\"225\"\/><\/a><a  href=\"https:\/\/freibad-stadtoldendorf.de\/wordpress\/wp-content\/uploads\/IMG_4637-1.jpg\"><img loading=\"lazy\" decoding=\"async\" src=\"https:\/\/freibad-stadtoldendorf.de\/wordpress\/wp-content\/uploads\/IMG_4637-1-300x225.jpg\"  alt=\"IMG_4637-1\" width=\"300\" height=\"225\"\/><\/a><a  href=\"https:\/\/freibad-stadtoldendorf.de\/wordpress\/wp-content\/uploads\/RNO_3121-1.jpg\"><img loading=\"lazy\" decoding=\"async\" src=\"https:\/\/freibad-stadtoldendorf.de\/wordpress\/wp-content\/uploads\/RNO_3121-1-300x200.jpg\"  alt=\"RNO_3121-1\" width=\"300\" height=\"200\"\/><\/a><a  href=\"https:\/\/freibad-stadtoldendorf.de\/wordpress\/wp-content\/uploads\/RNO_3125.jpg\"><img loading=\"lazy\" decoding=\"async\" src=\"https:\/\/freibad-stadtoldendorf.de\/wordpress\/wp-content\/uploads\/RNO_3125-300x200.jpg\"  alt=\"RNO_3125\" width=\"300\" height=\"200\"\/><\/a><a  href=\"https:\/\/freibad-stadtoldendorf.de\/wordpress\/wp-content\/uploads\/RNO_3344-R.jpg\"><img loading=\"lazy\" decoding=\"async\" src=\"https:\/\/freibad-stadtoldendorf.de\/wordpress\/wp-content\/uploads\/RNO_3344-R-300x200.jpg\"  alt=\"RNO_3344-R\" width=\"300\" height=\"200\"\/><\/a><a  href=\"https:\/\/freibad-stadtoldendorf.de\/wordpress\/wp-content\/uploads\/RNO_3123.jpg\"><img loading=\"lazy\" decoding=\"async\" src=\"https:\/\/freibad-stadtoldendorf.de\/wordpress\/wp-content\/uploads\/RNO_3123-300x200.jpg\"  alt=\"Stand der Bauarbeiten am Projekt \u201eWindschutzwand und Beckenzugang\u201c am 22. M\u00e4rz 2015\" width=\"300\" height=\"200\"\/><\/a><a  href=\"https:\/\/freibad-stadtoldendorf.de\/wordpress\/wp-content\/uploads\/RNO_4567-R.jpg\"><img loading=\"lazy\" decoding=\"async\" src=\"https:\/\/freibad-stadtoldendorf.de\/wordpress\/wp-content\/uploads\/RNO_4567-R-300x200.jpg\"  alt=\"RNO_4567-R\" width=\"300\" height=\"200\"\/><\/a><a  href=\"https:\/\/freibad-stadtoldendorf.de\/wordpress\/wp-content\/uploads\/RNO_4570-1-R.jpg\"><img loading=\"lazy\" decoding=\"async\" src=\"https:\/\/freibad-stadtoldendorf.de\/wordpress\/wp-content\/uploads\/RNO_4570-1-R-300x207.jpg\"  alt=\"15.August 2015: Der Projektteil des FSS, der Windschutz, ist nun auch fertig und kann der Samtgemeinde als Tr\u00e4gerin des Bades mit einer kleinen Feierstunde \u00fcbergeben werden.\" width=\"300\" height=\"207\"\/><\/a><\/div><div style=\"clear: both;\"><\/div><script>var twoj_slideshow_69e3748c6616d = {}, twoj_slideshow_69e3748c6616d_css = \"\",\r\n\t\thead = document.head || document.getElementsByTagName(\"head\")[0],\r\n\t\tstyle = document.createElement(\"style\");\r\n\t\tstyle.type = \"text\/css\";\r\n\t\tif (style.styleSheet) style.styleSheet.cssText = twoj_slideshow_69e3748c6616d_css;\r\n\t\t\telse  style.appendChild(document.createTextNode(twoj_slideshow_69e3748c6616d_css));\r\n\t\thead.appendChild(style);<\/script><\/p>\n<\/div><\/div><div id=\"panel-3365-0-0-4\" class=\"so-panel widget widget_black-studio-tinymce widget_black_studio_tinymce\" data-index=\"4\"><h3 class=\"widget-title\">Bilanz bis Januar 2022 \u2013 Zahlen und Fakten<\/h3><div class=\"textwidget\"><p>Wir ziehen Bilanz! Der F\u00f6rderverein Freibad Stadtoldendorf wurde 2013 gegr\u00fcndet, um durch gezielte Ma\u00dfnahmen die Attraktivit\u00e4t des Bades zu steigern und dar\u00fcberhinaus durch Kostenentlastung in den entsprechenden Haushaltspositionen der Samtgemeinde Eschershausen-Stadtoldendorf (Tr\u00e4gerin des Bades) den Bestand dieser wichtigen Freizeiteinrichtung auch bei knappen Kassen zu sichern. Und das, was da erreicht wurde, kann sich sehen lassen!<\/p><\/div><\/div><\/div><\/div><\/div><p> <a href=\"https:\/\/freibad-stadtoldendorf.de\/wordpress\/investitionen\/#more-3365\" class=\"more-link btn btn-default btn-xs\">Weiterlesen<\/a><\/p>","protected":false},"excerpt":{"rendered":"<p>Der neue &#8222;DaSi&#8220; &#8211; Angeschafft mit Mitteln der Volksbank und einer gro\u00dfz\u00fcgigen Spende der Firma Keitel &#8211; wurde nun offiziell an den F\u00f6rderverein \u00fcbergeben. Diese neue Sitzgelegenheit, die gleichzeitig vor [&hellip;]<\/p>\n","protected":false},"author":1,"featured_media":0,"parent":0,"menu_order":0,"comment_status":"closed","ping_status":"closed","template":"","meta":{"footnotes":""},"class_list":["post-3365","page","type-page","status-publish","hentry"],"_links":{"self":[{"href":"https:\/\/freibad-stadtoldendorf.de\/wordpress\/wp-json\/wp\/v2\/pages\/3365","targetHints":{"allow":["GET"]}}],"collection":[{"href":"https:\/\/freibad-stadtoldendorf.de\/wordpress\/wp-json\/wp\/v2\/pages"}],"about":[{"href":"https:\/\/freibad-stadtoldendorf.de\/wordpress\/wp-json\/wp\/v2\/types\/page"}],"author":[{"embeddable":true,"href":"https:\/\/freibad-stadtoldendorf.de\/wordpress\/wp-json\/wp\/v2\/users\/1"}],"replies":[{"embeddable":true,"href":"https:\/\/freibad-stadtoldendorf.de\/wordpress\/wp-json\/wp\/v2\/comments?post=3365"}],"version-history":[{"count":38,"href":"https:\/\/freibad-stadtoldendorf.de\/wordpress\/wp-json\/wp\/v2\/pages\/3365\/revisions"}],"predecessor-version":[{"id":7911,"href":"https:\/\/freibad-stadtoldendorf.de\/wordpress\/wp-json\/wp\/v2\/pages\/3365\/revisions\/7911"}],"wp:attachment":[{"href":"https:\/\/freibad-stadtoldendorf.de\/wordpress\/wp-json\/wp\/v2\/media?parent=3365"}],"curies":[{"name":"wp","href":"https:\/\/api.w.org\/{rel}","templated":true}]}}